{"id":1153,"date":"2017-08-01T12:08:33","date_gmt":"2017-08-01T12:08:33","guid":{"rendered":"http:\/\/www.kamarinzynieria.pl\/index.php\/faq\/"},"modified":"2021-04-14T14:52:35","modified_gmt":"2021-04-14T14:52:35","slug":"realizacje","status":"publish","type":"page","link":"https:\/\/www.kamarinzynieria.pl\/index.php\/realizacje\/","title":{"rendered":"Realizacje"},"content":{"rendered":"\t\t<div data-elementor-type=\"wp-post\" data-elementor-id=\"1153\" class=\"elementor elementor-1153\" data-elementor-settings=\"[]\">\n\t\t\t\t\t\t\t<div class=\"elementor-section-wrap\">\n\t\t\t\t\t\t\t<section class=\"elementor-section elementor-top-section elementor-element elementor-element-e2708a4 elementor-section-boxed elementor-section-height-default elementor-section-height-default\" data-id=\"e2708a4\" data-element_type=\"section\" data-settings=\"{&quot;background_background&quot;:&quot;classic&quot;}\">\n\t\t\t\t\t\t\t<div class=\"elementor-background-overlay\"><\/div>\n\t\t\t\t\t\t\t<div class=\"elementor-container elementor-column-gap-default\">\n\t\t\t\t\t<div class=\"elementor-column elementor-col-100 elementor-top-column elementor-element elementor-element-bdfef1a\" data-id=\"bdfef1a\" data-element_type=\"column\">\n\t\t\t<div class=\"elementor-widget-wrap elementor-element-populated\">\n\t\t\t\t\t\t\t\t<div class=\"elementor-element elementor-element-yrdtibv elementor-widget elementor-widget-heading\" data-id=\"yrdtibv\" data-element_type=\"widget\" data-widget_type=\"heading.default\">\n\t\t\t\t<div class=\"elementor-widget-container\">\n\t\t\t<h1 class=\"elementor-heading-title elementor-size-default\">Realizacje<\/h1>\t\t<\/div>\n\t\t\t\t<\/div>\n\t\t\t\t<div class=\"elementor-element elementor-element-b657b5a elementor-widget elementor-widget-image\" data-id=\"b657b5a\" data-element_type=\"widget\" data-widget_type=\"image.default\">\n\t\t\t\t<div class=\"elementor-widget-container\">\n\t\t\t\t\t<div class=\"elementor-image\">\n\t\t\t\t\t\t\t\t\t\t<img src=\"https:\/\/www.kamarinzynieria.pl\/wp-content\/uploads\/2021\/03\/plug-free-img-p2fp4zbw321nr0hffbyj2x589wyea095jx4uo0bxcc.png\" title=\"plug-free-img-p2fp4zbw321nr0hffbyj2x589wyea095jx4uo0bxcc\" alt=\"plug-free-img-p2fp4zbw321nr0hffbyj2x589wyea095jx4uo0bxcc\" \/>\t\t\t\t\t\t\t\t\t\t\t<\/div>\n\t\t\t\t<\/div>\n\t\t\t\t<\/div>\n\t\t\t\t\t<\/div>\n\t\t<\/div>\n\t\t\t\t\t\t\t<\/div>\n\t\t<\/section>\n\t\t\t\t<section class=\"elementor-section elementor-top-section elementor-element elementor-element-kek3j0k elementor-section-stretched elementor-section-boxed elementor-section-height-default elementor-section-height-default\" data-id=\"kek3j0k\" data-element_type=\"section\" data-settings=\"{&quot;stretch_section&quot;:&quot;section-stretched&quot;}\">\n\t\t\t\t\t\t<div class=\"elementor-container elementor-column-gap-default\">\n\t\t\t\t\t<div class=\"elementor-column elementor-col-100 elementor-top-column elementor-element elementor-element-11rso32\" data-id=\"11rso32\" data-element_type=\"column\">\n\t\t\t<div class=\"elementor-widget-wrap elementor-element-populated\">\n\t\t\t\t\t\t\t\t<div class=\"elementor-element elementor-element-zr8ktfv elementor-widget elementor-widget-heading\" data-id=\"zr8ktfv\" data-element_type=\"widget\" data-widget_type=\"heading.default\">\n\t\t\t\t<div class=\"elementor-widget-container\">\n\t\t\t<h3 class=\"elementor-heading-title elementor-size-small\">Firma KAMAR In\u017cynieria Elektryczna realizuje inwestycje zar\u00f3wno dla dom\u00f3w jednorodzinnych jak i dla ma\u0142ych i \u015brednich przedsi\u0119biorstw.<br>Przyk\u0142adowe nasze realizacje znajdziecie Pa\u0144stwo w galerii<\/h3>\t\t<\/div>\n\t\t\t\t<\/div>\n\t\t\t\t<div class=\"elementor-element elementor-element-8505430 elementor-icon-list--layout-traditional elementor-list-item-link-full_width elementor-widget elementor-widget-icon-list\" data-id=\"8505430\" data-element_type=\"widget\" data-widget_type=\"icon-list.default\">\n\t\t\t\t<div class=\"elementor-widget-container\">\n\t\t\t\t\t<ul class=\"elementor-icon-list-items\">\n\t\t\t\t\t\t\t<li class=\"elementor-icon-list-item\">\n\t\t\t\t\t<a href=\"http:\/\/www.kamarinzynieria.pl\/index.php\/fotowoltaika\/\">\t\t\t\t\t\t<span class=\"elementor-icon-list-icon\">\n\t\t\t\t\t\t\t<i aria-hidden=\"true\" class=\"fas fa-check\"><\/i>\t\t\t\t\t\t<\/span>\n\t\t\t\t\t\t\t\t\t\t<span class=\"elementor-icon-list-text\">Instalacje fotowoltaiczne<\/span>\n\t\t\t\t\t\t\t\t\t\t\t<\/a>\n\t\t\t\t\t\t\t\t\t<\/li>\n\t\t\t\t\t\t\t\t<li class=\"elementor-icon-list-item\">\n\t\t\t\t\t<a href=\"http:\/\/www.kamarinzynieria.pl\/index.php\/elektryka\/\">\t\t\t\t\t\t<span class=\"elementor-icon-list-icon\">\n\t\t\t\t\t\t\t<i aria-hidden=\"true\" class=\"fas fa-check\"><\/i>\t\t\t\t\t\t<\/span>\n\t\t\t\t\t\t\t\t\t\t<span class=\"elementor-icon-list-text\">Instalacje elektryczne<\/span>\n\t\t\t\t\t\t\t\t\t\t\t<\/a>\n\t\t\t\t\t\t\t\t\t<\/li>\n\t\t\t\t\t\t\t\t<li class=\"elementor-icon-list-item\">\n\t\t\t\t\t<a href=\"http:\/\/www.kamarinzynieria.pl\/index.php\/serwis-2\/\">\t\t\t\t\t\t<span class=\"elementor-icon-list-icon\">\n\t\t\t\t\t\t\t<i aria-hidden=\"true\" class=\"fas fa-check\"><\/i>\t\t\t\t\t\t<\/span>\n\t\t\t\t\t\t\t\t\t\t<span class=\"elementor-icon-list-text\">Serwis oraz pomiary elektryczne<\/span>\n\t\t\t\t\t\t\t\t\t\t\t<\/a>\n\t\t\t\t\t\t\t\t\t<\/li>\n\t\t\t\t\t\t<\/ul>\n\t\t\t\t<\/div>\n\t\t\t\t<\/div>\n\t\t\t\t\t<\/div>\n\t\t<\/div>\n\t\t\t\t\t\t\t<\/div>\n\t\t<\/section>\n\t\t\t\t\t\t<\/div>\n\t\t\t\t\t<\/div>\n\t\t","protected":false},"excerpt":{"rendered":"<p>Realizacje Firma KAMAR In\u017cynieria Elektryczna realizuje inwestycje zar\u00f3wno dla dom\u00f3w jednorodzinnych jak i dla ma\u0142ych i \u015brednich przedsi\u0119biorstw.Przyk\u0142adowe nasze realizacje znajdziecie Pa\u0144stwo w galerii Instalacje fotowoltaiczne Instalacje elektryczne Serwis oraz pomiary elektryczne<\/p>\n","protected":false},"author":1,"featured_media":0,"parent":0,"menu_order":0,"comment_status":"closed","ping_status":"closed","template":"","meta":[],"yoast_head":"<!-- This site is optimized with the Yoast SEO plugin v15.9.1 - https:\/\/yoast.com\/wordpress\/plugins\/seo\/ -->\n<title>Realizacje - KAMAR In\u017cynieria Elektryczna<\/title>\n<meta name=\"robots\" content=\"index, follow, max-snippet:-1, max-image-preview:large, max-video-preview:-1\" \/>\n<link rel=\"canonical\" href=\"https:\/\/www.kamarinzynieria.pl\/index.php\/realizacje\/\" \/>\n<meta property=\"og:locale\" content=\"pl_PL\" \/>\n<meta property=\"og:type\" content=\"article\" \/>\n<meta property=\"og:title\" content=\"Realizacje - KAMAR In\u017cynieria Elektryczna\" \/>\n<meta property=\"og:description\" content=\"Realizacje Firma KAMAR In\u017cynieria Elektryczna realizuje inwestycje zar\u00f3wno dla dom\u00f3w jednorodzinnych jak i dla ma\u0142ych i \u015brednich przedsi\u0119biorstw.Przyk\u0142adowe nasze realizacje znajdziecie Pa\u0144stwo w galerii Instalacje fotowoltaiczne Instalacje elektryczne Serwis oraz pomiary elektryczne\" \/>\n<meta property=\"og:url\" content=\"https:\/\/www.kamarinzynieria.pl\/index.php\/realizacje\/\" \/>\n<meta property=\"og:site_name\" content=\"KAMAR In\u017cynieria Elektryczna\" \/>\n<meta property=\"article:modified_time\" content=\"2021-04-14T14:52:35+00:00\" \/>\n<meta property=\"og:image\" content=\"http:\/\/www.kamarinzynieria.pl\/wp-content\/uploads\/2021\/03\/plug-free-img-p2fp4zbw321nr0hffbyj2x589wyea095jx4uo0bxcc.png\" \/>\n<meta name=\"twitter:card\" content=\"summary_large_image\" \/>\n<meta name=\"twitter:label1\" content=\"Est. reading time\">\n\t<meta name=\"twitter:data1\" content=\"1 minuta\">\n<script type=\"application\/ld+json\" class=\"yoast-schema-graph\">{\"@context\":\"https:\/\/schema.org\",\"@graph\":[{\"@type\":\"WebSite\",\"@id\":\"http:\/\/www.kamarinzynieria.pl\/#website\",\"url\":\"http:\/\/www.kamarinzynieria.pl\/\",\"name\":\"KAMAR In\\u017cynieria Elektryczna\",\"description\":\"Kolejna witryna WordPress\",\"potentialAction\":[{\"@type\":\"SearchAction\",\"target\":\"http:\/\/www.kamarinzynieria.pl\/?s={search_term_string}\",\"query-input\":\"required name=search_term_string\"}],\"inLanguage\":\"pl-PL\"},{\"@type\":\"ImageObject\",\"@id\":\"https:\/\/www.kamarinzynieria.pl\/index.php\/realizacje\/#primaryimage\",\"inLanguage\":\"pl-PL\",\"url\":\"http:\/\/www.kamarinzynieria.pl\/wp-content\/uploads\/2021\/03\/plug-free-img-p2fp4zbw321nr0hffbyj2x589wyea095jx4uo0bxcc.png\"},{\"@type\":\"WebPage\",\"@id\":\"https:\/\/www.kamarinzynieria.pl\/index.php\/realizacje\/#webpage\",\"url\":\"https:\/\/www.kamarinzynieria.pl\/index.php\/realizacje\/\",\"name\":\"Realizacje - KAMAR In\\u017cynieria Elektryczna\",\"isPartOf\":{\"@id\":\"http:\/\/www.kamarinzynieria.pl\/#website\"},\"primaryImageOfPage\":{\"@id\":\"https:\/\/www.kamarinzynieria.pl\/index.php\/realizacje\/#primaryimage\"},\"datePublished\":\"2017-08-01T12:08:33+00:00\",\"dateModified\":\"2021-04-14T14:52:35+00:00\",\"breadcrumb\":{\"@id\":\"https:\/\/www.kamarinzynieria.pl\/index.php\/realizacje\/#breadcrumb\"},\"inLanguage\":\"pl-PL\",\"potentialAction\":[{\"@type\":\"ReadAction\",\"target\":[\"https:\/\/www.kamarinzynieria.pl\/index.php\/realizacje\/\"]}]},{\"@type\":\"BreadcrumbList\",\"@id\":\"https:\/\/www.kamarinzynieria.pl\/index.php\/realizacje\/#breadcrumb\",\"itemListElement\":[{\"@type\":\"ListItem\",\"position\":1,\"item\":{\"@type\":\"WebPage\",\"@id\":\"http:\/\/www.kamarinzynieria.pl\/\",\"url\":\"http:\/\/www.kamarinzynieria.pl\/\",\"name\":\"Strona g\\u0142\\u00f3wna\"}},{\"@type\":\"ListItem\",\"position\":2,\"item\":{\"@type\":\"WebPage\",\"@id\":\"https:\/\/www.kamarinzynieria.pl\/index.php\/realizacje\/\",\"url\":\"https:\/\/www.kamarinzynieria.pl\/index.php\/realizacje\/\",\"name\":\"Realizacje\"}}]}]}<\/script>\n<!-- \/ Yoast SEO plugin. -->","_links":{"self":[{"href":"https:\/\/www.kamarinzynieria.pl\/index.php\/wp-json\/wp\/v2\/pages\/1153"}],"collection":[{"href":"https:\/\/www.kamarinzynieria.pl\/index.php\/wp-json\/wp\/v2\/pages"}],"about":[{"href":"https:\/\/www.kamarinzynieria.pl\/index.php\/wp-json\/wp\/v2\/types\/page"}],"author":[{"embeddable":true,"href":"https:\/\/www.kamarinzynieria.pl\/index.php\/wp-json\/wp\/v2\/users\/1"}],"replies":[{"embeddable":true,"href":"https:\/\/www.kamarinzynieria.pl\/index.php\/wp-json\/wp\/v2\/comments?post=1153"}],"version-history":[{"count":28,"href":"https:\/\/www.kamarinzynieria.pl\/index.php\/wp-json\/wp\/v2\/pages\/1153\/revisions"}],"predecessor-version":[{"id":1866,"href":"https:\/\/www.kamarinzynieria.pl\/index.php\/wp-json\/wp\/v2\/pages\/1153\/revisions\/1866"}],"wp:attachment":[{"href":"https:\/\/www.kamarinzynieria.pl\/index.php\/wp-json\/wp\/v2\/media?parent=1153"}],"curies":[{"name":"wp","href":"https:\/\/api.w.org\/{rel}","templated":true}]}}